{"id":127,"date":"2017-11-08T23:10:07","date_gmt":"2017-11-08T22:10:07","guid":{"rendered":"https:\/\/ascopmotolemans.wordpress.com\/?page_id=127"},"modified":"2026-01-22T21:07:04","modified_gmt":"2026-01-22T20:07:04","slug":"resultats-2","status":"publish","type":"page","link":"https:\/\/ascopmotolemans.com\/index.php\/resultats-2\/","title":{"rendered":"R\u00e9sultats"},"content":{"rendered":"\n<p>16 MARS 2025<\/p>\n\n\n\n<div data-wp-interactive=\"core\/file\" class=\"wp-block-file\"><object data-wp-bind--hidden=\"!state.hasPdfPreview\"  class=\"wp-block-file__embed\" data=\"http:\/\/ascopmotolemans.com\/wp-content\/uploads\/2025\/03\/Resultats-TRIAL-DE-LOMBRON-2025-TR1-TR2-TR2-TR3.pdf\" type=\"application\/pdf\" style=\"width:100%;height:200px\" aria-label=\"Contenu embarqu\u00e9 R\u00e9sultats TRIAL DE LOMBRON 2025 TR1, TR2+, TR2, TR3+.\"><\/object><a id=\"wp-block-file--media-04d82146-23d0-4f6b-a96c-b10852f802af\" href=\"http:\/\/ascopmotolemans.com\/wp-content\/uploads\/2025\/03\/Resultats-TRIAL-DE-LOMBRON-2025-TR1-TR2-TR2-TR3.pdf\">R\u00e9sultats TRIAL DE LOMBRON 2025 TR1, TR2+, TR2, TR3+<\/a><a href=\"http:\/\/ascopmotolemans.com\/wp-content\/uploads\/2025\/03\/Resultats-TRIAL-DE-LOMBRON-2025-TR1-TR2-TR2-TR3.pdf\" class=\"wp-block-file__button wp-element-button\" download aria-describedby=\"wp-block-file--media-04d82146-23d0-4f6b-a96c-b10852f802af\">T\u00e9l\u00e9charger<\/a><\/div>\n\n\n\n<div data-wp-interactive=\"core\/file\" class=\"wp-block-file\"><object data-wp-bind--hidden=\"!state.hasPdfPreview\"  class=\"wp-block-file__embed\" data=\"http:\/\/ascopmotolemans.com\/wp-content\/uploads\/2025\/03\/Resultats-TRIAL-DE-LOMBRON-2025-TR3.pdf\" type=\"application\/pdf\" style=\"width:100%;height:200px\" aria-label=\"Contenu embarqu\u00e9 R\u00e9sultats TRIAL DE LOMBRON 2025 TR3.\"><\/object><a id=\"wp-block-file--media-9480a3e7-6a66-49f7-b452-ee5ee70666e7\" href=\"http:\/\/ascopmotolemans.com\/wp-content\/uploads\/2025\/03\/Resultats-TRIAL-DE-LOMBRON-2025-TR3.pdf\">R\u00e9sultats TRIAL DE LOMBRON 2025 TR3<\/a><a href=\"http:\/\/ascopmotolemans.com\/wp-content\/uploads\/2025\/03\/Resultats-TRIAL-DE-LOMBRON-2025-TR3.pdf\" class=\"wp-block-file__button wp-element-button\" download aria-describedby=\"wp-block-file--media-9480a3e7-6a66-49f7-b452-ee5ee70666e7\">T\u00e9l\u00e9charger<\/a><\/div>\n\n\n\n<div data-wp-interactive=\"core\/file\" class=\"wp-block-file\"><object data-wp-bind--hidden=\"!state.hasPdfPreview\"  class=\"wp-block-file__embed\" data=\"http:\/\/ascopmotolemans.com\/wp-content\/uploads\/2025\/03\/Resultats-TRIAL-DE-LOMBRON-2025-TR4-TR4.pdf\" type=\"application\/pdf\" style=\"width:100%;height:200px\" aria-label=\"Contenu embarqu\u00e9 R\u00e9sultats TRIAL DE LOMBRON 2025 TR4+, TR4.\"><\/object><a id=\"wp-block-file--media-77371d31-286b-486f-9b10-523ad20cd49f\" href=\"http:\/\/ascopmotolemans.com\/wp-content\/uploads\/2025\/03\/Resultats-TRIAL-DE-LOMBRON-2025-TR4-TR4.pdf\">R\u00e9sultats TRIAL DE LOMBRON 2025 TR4+, TR4<\/a><a href=\"http:\/\/ascopmotolemans.com\/wp-content\/uploads\/2025\/03\/Resultats-TRIAL-DE-LOMBRON-2025-TR4-TR4.pdf\" class=\"wp-block-file__button wp-element-button\" download aria-describedby=\"wp-block-file--media-77371d31-286b-486f-9b10-523ad20cd49f\">T\u00e9l\u00e9charger<\/a><\/div>\n\n\n\n<div data-wp-interactive=\"core\/file\" class=\"wp-block-file\"><object data-wp-bind--hidden=\"!state.hasPdfPreview\"  class=\"wp-block-file__embed\" data=\"http:\/\/ascopmotolemans.com\/wp-content\/uploads\/2025\/03\/Resultats-TRIAL-DE-LOMBRON-2025-MINITRIAL-2.pdf\" type=\"application\/pdf\" style=\"width:100%;height:200px\" aria-label=\"Contenu embarqu\u00e9 R\u00e9sultats TRIAL DE LOMBRON 2025 MINITRIAL 2.\"><\/object><a id=\"wp-block-file--media-fc5f8eab-0e59-4249-9850-faba3abc0a08\" href=\"http:\/\/ascopmotolemans.com\/wp-content\/uploads\/2025\/03\/Resultats-TRIAL-DE-LOMBRON-2025-MINITRIAL-2.pdf\">R\u00e9sultats TRIAL DE LOMBRON 2025 MINITRIAL 2<\/a><a href=\"http:\/\/ascopmotolemans.com\/wp-content\/uploads\/2025\/03\/Resultats-TRIAL-DE-LOMBRON-2025-MINITRIAL-2.pdf\" class=\"wp-block-file__button wp-element-button\" download aria-describedby=\"wp-block-file--media-fc5f8eab-0e59-4249-9850-faba3abc0a08\">T\u00e9l\u00e9charger<\/a><\/div>\n\n\n<h3 style=\"text-align: left;\"><span style=\"color: #ff0000;\"><strong><span style=\"color: #0000ff;\"><a href=\"http:\/\/ascopmotolemans.com\/wp-content\/uploads\/2024\/03\/R\u00c9SULTATS-TRIAL-LOMBRON-1.zip\"><span style=\"color: #ff0000;\">17 MARS 2024<\/span><\/a><\/span><\/strong><\/span><\/h3>\n<p><a href=\"http:\/\/ascopmotolemans.com\/wp-content\/uploads\/2024\/03\/R\u00e9sultats-TRIAL-DE-LOMBRON-2024-TR1-TR2-TR2.pdf\"><span style=\"color: #0000ff;\">R\u00e9sultats TRIAL DE LOMBRON 2024 TR1 , TR2+, TR2<\/span><\/a><\/p>\n<p><a href=\"http:\/\/ascopmotolemans.com\/wp-content\/uploads\/2024\/03\/R\u00e9sultats-TRIAL-DE-LOMBRON-2024-TR3.pdf\"><span style=\"color: #0000ff;\">R\u00e9sultats TRIAL DE LOMBRON 2024 TR3<\/span><\/a><\/p>\n<p><a href=\"http:\/\/ascopmotolemans.com\/wp-content\/uploads\/2024\/03\/R\u00e9sultats-TRIAL-DE-LOMBRON-2024-TR4TR4.pdf\"><span style=\"color: #0000ff;\">R\u00e9sultats TRIAL DE LOMBRON 2024 TR4+,TR4<\/span><\/a><\/p>\n<p><a href=\"http:\/\/ascopmotolemans.com\/wp-content\/uploads\/2024\/03\/R\u00e9sultats-TRIAL-DE-LOMBRON-2024-ESPOIR-4-MINITRIAL-2-MINITRIAL-3.pdf\"><span style=\"color: #0000ff;\">R\u00e9sultats TRIAL DE LOMBRON 2024 ESPOIR 4, MINITRIAL 2, MINITRIAL 3<\/span><\/a><\/p>\n<h2 style=\"text-align: left;\"><span style=\"color: #ff0000;\"><strong><span style=\"color: #0000ff;\">19 mars 2023<\/span><\/strong><\/span><\/h2>\n<p><a href=\"http:\/\/ascopmotolemans.com\/wp-content\/uploads\/2023\/03\/resultats-trial-des-brieres-lombron-2023-tr1-tr2-tr3.pdf\"><strong><span style=\"color: #993300;\">resultats-trial-des-brieres-lombron-2023-tr1-tr2-tr3+<\/span><\/strong><\/a><\/p>\n<p><a href=\"http:\/\/ascopmotolemans.com\/wp-content\/uploads\/2023\/03\/RESULTATS-TRIAL-DES-BRIERES-LOMBRON-2023-TR3-1.pdf\"><strong><span style=\"color: #993300;\">RESULTATS TRIAL DES BRIERES LOMBRON 2023 TR3<\/span><\/strong><\/a><\/p>\n<p><a href=\"http:\/\/ascopmotolemans.com\/wp-content\/uploads\/2023\/03\/resultats-trial-des-brieres-lombron-2023-tr4-tr4-espoir-4-mini-trial-2-mini-trial-3.pdf\"><span style=\"color: #993300;\"><strong>resultats-trial-des-brieres-lombron-2023-tr4-tr4-espoir-4-mini-trial-2-mini-trial<\/strong><\/span><\/a><\/p>\n<h2 style=\"text-align: left;\"><span style=\"color: #ff0000;\"><strong><span style=\"color: #0000ff;\">20 mars 2022<\/span><\/strong><\/span><\/h2>\n<p><span style=\"color: #ff0000;\"><a style=\"color: #ff0000;\" href=\"http:\/\/ascopmotolemans.com\/wp-content\/uploads\/2022\/03\/RESULTATS-TRIAL-DES-BRIERES-LOMBRON-2022.pdf\"><strong>RESULTATS TRIAL DES BRIERES LOMBRON 2022 S1, OPEN, S2, S3+<\/strong><\/a><\/span><\/p>\n<p><a href=\"http:\/\/ascopmotolemans.com\/wp-content\/uploads\/2022\/03\/RESULTATS-TRIAL-DES-BRIERES-LOMBRON-2022-S3-S4.pdf\"><strong><span style=\"color: #ff0000;\">RESULTATS TRIAL DES BRIERES LOMBRON 2022 S3, S4+<\/span><\/strong><\/a><\/p>\n<p><a href=\"http:\/\/ascopmotolemans.com\/wp-content\/uploads\/2022\/03\/RESULTATS-TRIAL-DES-BRIERES-LOMBRON-2022-S4-ESPOIR-4-TrE3.pdf\"><span style=\"color: #ff0000;\"><strong>RESULTATS TRIAL DES BRIERES LOMBRON 2022, S4, ESPOIR 4, TrE3<\/strong><\/span><\/a><\/p>\n<h2 style=\"text-align: left;\"><span style=\"color: #ff0000;\"><strong> 24 octobre 2021<br \/>\n<\/strong><\/span><\/h2>\n<p><strong><a href=\"http:\/\/ascopmotolemans.com\/wp-content\/uploads\/2021\/10\/RESULTATS-TRIAL-DES-BRIERES-LOMBRON-2021-SENIOR-1-SENIOR-2-SENIOR-3.pdf\"><span style=\"color: #0000ff;\">RESULTATS TRIAL DES BRIERES LOMBRON 2021 SENIOR 1, SENIOR 2, SENIOR 3+<\/span><\/a><\/strong><\/p>\n<p><strong><a href=\"http:\/\/ascopmotolemans.com\/wp-content\/uploads\/2021\/10\/RESULTATS-TRIAL-DES-BRIERES-LOMBRON-2021-SENIOR-3-SENIOR-4-SENIOR-4.pdf\"><span style=\"color: #0000ff;\">RESULTATS TRIAL DES BRIERES LOMBRON 2021 SENIOR 3, SENIOR 4+, SENIOR 4<\/span><\/a><\/strong><\/p>\n<p><a href=\"http:\/\/ascopmotolemans.com\/wp-content\/uploads\/2021\/10\/RESULTATS-TRIAL-DES-BRIERES-LOMBRON-2021-ESPOIR-4-TrE3.pdf\"><span style=\"color: #0000ff;\"><strong>RESULTATS TRIAL DES BRIERES LOMBRON 2021 ESPOIR 4, TrE3<\/strong><\/span><\/a><\/p>\n<h2 style=\"text-align: left;\"><span style=\"color: #ff0000;\"><strong>2019<\/strong><\/span><\/h2>\n<p style=\"text-align: center;\"><a href=\"http:\/\/ascopmotolemans.com\/wp-content\/uploads\/2019\/03\/RESULTATS-TRIAL-DES-BRIERES-LOMBRON-2019-SENIOR1OPEN-SENIOR2.pdf\"><span style=\"color: #800000;\">RESULTATS SENIOR1,OPEN, SENIOR2<\/span><\/a><\/p>\n<p style=\"text-align: center;\"><a href=\"http:\/\/ascopmotolemans.com\/wp-content\/uploads\/2019\/03\/RESULTATS-TRIAL-DES-BRIERES-LOMBRON-2019-SENIOR-3-SENIOR-3.pdf\"><span style=\"color: #800000;\">RESULTATS\u00a0 SENIOR 3+, SENIOR 3<\/span><\/a><\/p>\n<p style=\"text-align: center;\"><a href=\"http:\/\/ascopmotolemans.com\/wp-content\/uploads\/2019\/03\/RESULTATS-TRIAL-DES-BRIERES-LOMBRON-2019-SENIOR-4-SENIOR-4.pdf\"><span style=\"color: #800000;\">RESULTATS\u00a0 SENIOR 4+, SENIOR 4<\/span><\/a><\/p>\n<p style=\"text-align: center;\"><a href=\"http:\/\/ascopmotolemans.com\/wp-content\/uploads\/2019\/03\/RESULTATS-TRIAL-DES-BRIERES-LOMBRON-2019-ESPOIR4-TRIAL-EDUCATIF.pdf\"><span style=\"color: #800000;\">RESULTATS\u00a0 ESPOIR4, TRIAL EDUCATIF<\/span><\/a><\/p>\n<h2 style=\"text-align: center;\"><span style=\"color: #ff0000;\"><strong>2018<\/strong><\/span><\/h2>\n<p style=\"text-align: center;\"><a href=\"http:\/\/ascopmotolemans.com\/wp-content\/uploads\/2018\/03\/CLASSEMENT-SENIOR1-ET-OPEN.pdf\"><span style=\"color: #0000ff;\">CLASSEMENT SENIOR1 ET OPEN<\/span><\/a><\/p>\n<p style=\"text-align: center;\"><a href=\"http:\/\/ascopmotolemans.com\/wp-content\/uploads\/2018\/03\/CLASSEMENT-SENIOR2.pdf\"><span style=\"color: #0000ff;\">CLASSEMENT SENIOR2<\/span><\/a><\/p>\n<p style=\"text-align: center;\"><a href=\"http:\/\/ascopmotolemans.com\/wp-content\/uploads\/2018\/03\/CLASSEMENT-SENIOR3.pdf\"><span style=\"color: #0000ff;\">CLASSEMENT SENIOR3+<\/span><\/a><\/p>\n<p style=\"text-align: center;\"><a href=\"http:\/\/ascopmotolemans.com\/wp-content\/uploads\/2018\/03\/CLASSEMENT-SENIOR3-1.pdf\"><span style=\"color: #0000ff;\">CLASSEMENT SENIOR3<\/span><\/a><\/p>\n<p style=\"text-align: center;\"><a href=\"http:\/\/ascopmotolemans.com\/wp-content\/uploads\/2018\/03\/CLASSEMENT-SENIOR4-ET-SENIOR4.pdf\"><span style=\"color: #0000ff;\">CLASSEMENT SENIOR4+ ET SENIOR4<\/span><\/a><\/p>\n<p style=\"text-align: center;\"><a href=\"http:\/\/ascopmotolemans.com\/wp-content\/uploads\/2018\/03\/CLASSEMENT-ESPOIR4.pdf\"><span style=\"color: #0000ff;\">CLASSEMENT ESPOIR4<\/span><\/a><\/p>\n<h2 style=\"text-align: center;\"><span style=\"color: #ff0000;\">2017<\/span><\/h2>\n<p style=\"text-align: center;\"><a title=\"ESPOIRS134+4\" href=\"http:\/\/ascopmotolemans.com\/wp-content\/uploads\/2017\/11\/espoirs1344.pdf\">ESPOIRS134+4<\/a><\/p>\n<p style=\"text-align: center;\"><a title=\"SENIOR1\" href=\"http:\/\/ascopmotolemans.com\/wp-content\/uploads\/2017\/11\/senior1.pdf\">SENIOR1<\/a><\/p>\n<p style=\"text-align: center;\"><a title=\"SENIOR2\" href=\"http:\/\/ascopmotolemans.com\/wp-content\/uploads\/2017\/11\/senior2.pdf\">SENIOR2<\/a><\/p>\n<p style=\"text-align: center;\"><a title=\"SENIOR3\" href=\"http:\/\/ascopmotolemans.com\/wp-content\/uploads\/2017\/11\/senior3.pdf\">SENIOR3<\/a><\/p>\n<p style=\"text-align: center;\"><a title=\"SENIOR3+\" href=\"http:\/\/ascopmotolemans.com\/wp-content\/uploads\/2017\/11\/senior31.pdf\">SENIOR3+<\/a><\/p>\n<p style=\"text-align: center;\"><a title=\"SENIOR4\" href=\"http:\/\/ascopmotolemans.com\/wp-content\/uploads\/2017\/11\/senior4.pdf\">SENIOR4<\/a><\/p>\n<p style=\"text-align: center;\"><a title=\"SENIOR4+\" href=\"http:\/\/ascopmotolemans.com\/wp-content\/uploads\/2017\/11\/senior41.pdf\">SENIOR4+<\/a><\/p>\n<p style=\"text-align: center;\"><a title=\"TRIALEDUCATIF\" href=\"http:\/\/ascopmotolemans.com\/wp-content\/uploads\/2017\/11\/trialeducatif.pdf\">TRIALEDUCATIF<\/a><\/p>","protected":false},"excerpt":{"rendered":"<p>16 MARS 2025 17 MARS 2024 R\u00e9sultats TRIAL DE LOMBRON 2024 TR1 , TR2+, TR2 R\u00e9sultats TRIAL DE LOMBRON 2024 TR3 R\u00e9sultats TRIAL DE LOMBRON 2024 TR4+,TR4 R\u00e9sultats TRIAL DE LOMBRON 2024 ESPOIR 4, MINITRIAL 2, MINITRIAL 3 19 mars&#8230; <a class=\"more-link\" href=\"https:\/\/ascopmotolemans.com\/index.php\/resultats-2\/\">Continue Reading &rarr;<\/a><\/p>\n","protected":false},"author":1,"featured_media":0,"parent":0,"menu_order":0,"comment_status":"closed","ping_status":"closed","template":"","meta":{"footnotes":""},"class_list":["post-127","page","type-page","status-publish","hentry"],"_links":{"self":[{"href":"https:\/\/ascopmotolemans.com\/index.php\/wp-json\/wp\/v2\/pages\/127"}],"collection":[{"href":"https:\/\/ascopmotolemans.com\/index.php\/wp-json\/wp\/v2\/pages"}],"about":[{"href":"https:\/\/ascopmotolemans.com\/index.php\/wp-json\/wp\/v2\/types\/page"}],"author":[{"embeddable":true,"href":"https:\/\/ascopmotolemans.com\/index.php\/wp-json\/wp\/v2\/users\/1"}],"replies":[{"embeddable":true,"href":"https:\/\/ascopmotolemans.com\/index.php\/wp-json\/wp\/v2\/comments?post=127"}],"version-history":[{"count":25,"href":"https:\/\/ascopmotolemans.com\/index.php\/wp-json\/wp\/v2\/pages\/127\/revisions"}],"predecessor-version":[{"id":1581,"href":"https:\/\/ascopmotolemans.com\/index.php\/wp-json\/wp\/v2\/pages\/127\/revisions\/1581"}],"wp:attachment":[{"href":"https:\/\/ascopmotolemans.com\/index.php\/wp-json\/wp\/v2\/media?parent=127"}],"curies":[{"name":"wp","href":"https:\/\/api.w.org\/{rel}","templated":true}]}}